{"id":182,"date":"2024-03-09T12:19:30","date_gmt":"2024-03-09T12:19:30","guid":{"rendered":"https:\/\/digitalify.ma\/?page_id=182"},"modified":"2024-03-09T13:17:43","modified_gmt":"2024-03-09T13:17:43","slug":"chercheur-de-produits-e-commerce-createur-de-contenu","status":"publish","type":"page","link":"https:\/\/digitalify.ma\/?page_id=182","title":{"rendered":"Chercheur de produits e-commerce \/ Cr\u00e9ateur de contenu"},"content":{"rendered":"<p><span style=\"color: #ed1c24;\"><strong>Chercheur de produits e-commerce \/ Cr\u00e9ateur de contenu<\/strong><\/span><\/p>\n<p><span style=\"font-weight: 400;\">Nous recherchons un chercheur de produits e-commerce et un cr\u00e9ateur de contenu talentueux pour rejoindre notre \u00e9quipe.<\/span><\/p>\n<p><span style=\"font-weight: 400;\">Le candidat retenu sera responsable de la recherche de produits e-commerce rentables sur les platforme de , ainsi que de la cr\u00e9ation de contenu attrayant pour promouvoir nos produits.<\/span><\/p>\n<p><b>Date de d\u00e9but :<\/b><span style=\"font-weight: 400;\"> D\u00e8s que possible<\/span><\/p>\n<p><b>Dur\u00e9e :<\/b><span style=\"font-weight: 400;\"> Ind\u00e9termin\u00e9e<\/span><\/p>\n<p><b>Lieu :<\/b><span style=\"font-weight: 400;\"> 100% T\u00e9l\u00e9travail<\/span><\/p>\n<p><span style=\"color: #3366ff;\"><b>Responsabilit\u00e9s :<\/b><\/span><\/p>\n<p><span style=\"font-weight: 400;\">&#8211; Effectuer une recherche approfondie des produits dans l&rsquo;\u00e9cosyst\u00e8me du commerce \u00e9lectronique et du dropshipping.<\/span><\/p>\n<p><span style=\"font-weight: 400;\">&#8211; Identifier les tendances du march\u00e9 et les opportunit\u00e9s de produits.<\/span><\/p>\n<p><span style=\"font-weight: 400;\">&#8211; \u00c9valuer la viabilit\u00e9 et la rentabilit\u00e9 des produits potentiels.<\/span><\/p>\n<p><span style=\"font-weight: 400;\">&#8211; Cr\u00e9er du contenu engageant et persuasif pour les m\u00e9dias sociaux, les blogs et autres canaux de communication.<\/span><\/p>\n<p><span style=\"font-weight: 400;\">&#8211; Collaborer avec l&rsquo;\u00e9quipe marketing pour d\u00e9velopper des strat\u00e9gies de promotion efficaces.<\/span><\/p>\n<p><span style=\"font-weight: 400;\">&#8211; Assister l&rsquo;\u00e9quipe de montage vid\u00e9o dans la cr\u00e9ation de contenu vid\u00e9o attrayant.<\/span><\/p>\n<p><span style=\"color: #3366ff;\"><b>Exigences :<\/b><\/span><\/p>\n<p><span style=\"font-weight: 400;\">&#8211; Ma\u00eetrise du fran\u00e7ais et de l&rsquo;anglais, \u00e0 l&rsquo;\u00e9crit comme \u00e0 l&rsquo;oral.<\/span><\/p>\n<p><span style=\"font-weight: 400;\">&#8211; Exp\u00e9rience dans la recherche de produits et la cr\u00e9ation de contenu, de pr\u00e9f\u00e9rence dans le domaine du commerce \u00e9lectronique ou du dropshipping.<\/span><\/p>\n<p><span style=\"font-weight: 400;\">&#8211; Comp\u00e9tences en analyse de march\u00e9 et en \u00e9valuation de produits.<\/span><\/p>\n<p><span style=\"font-weight: 400;\">&#8211; Capacit\u00e9 \u00e0 travailler de mani\u00e8re autonome et \u00e0 respecter les d\u00e9lais.<\/span><\/p>\n<p><span style=\"font-weight: 400;\">&#8211; Excellentes comp\u00e9tences en communication et esprit d&rsquo;\u00e9quipe.<\/span><\/p>\n<p><span style=\"font-weight: 400;\">Ce poste est \u00e0 distance, ce qui signifie que vous pouvez travailler depuis n&rsquo;importe o\u00f9 dans le monde.\u00a0<\/span><\/p>\n<p><span style=\"font-weight: 400;\">Si vous \u00eates passionn\u00e9 par le commerce \u00e9lectronique, que vous avez une excellente capacit\u00e9 \u00e0 rechercher des produits et \u00e0 cr\u00e9er du contenu captivant, nous aimerions entendre parler de vous !\u00a0<\/span><\/p>\n<ul>\n<li style=\"font-weight: 400;\" aria-level=\"1\"><span style=\"font-weight: 400;\">Domaine : Informatique \/ Multim\u00e9dia \/ Internet<\/span><\/li>\n<li style=\"font-weight: 400;\" aria-level=\"1\"><span style=\"font-weight: 400;\">Fonction : Cr\u00e9ateur de contenu<\/span><\/li>\n<li style=\"font-weight: 400;\" aria-level=\"1\"><span style=\"font-weight: 400;\">Entreprise : Digitalify SARL<\/span><\/li>\n<li style=\"font-weight: 400;\" aria-level=\"1\"><span style=\"font-weight: 400;\">Niveau d&rsquo;\u00e9tudes : Pas important<\/span><\/li>\n<\/ul>\n<p style=\"text-align: left;\">\u00a0<\/p>\n<div class=\"row\"  id=\"row-133294934\">\n\n\t<div id=\"col-2101455674\" class=\"col small-12 large-12\"  >\n\t\t\t\t<div class=\"col-inner\"  >\n\t\t\t\n\t\t\t\n\n<style id=\"wpforms-css-vars-188\">\n\t\t\t\t#wpforms-188 {\n\t\t\t\t\n\t\t\t}\n\t\t\t<\/style><div class=\"wpforms-container wpforms-container-full wpforms-render-modern\" id=\"wpforms-188\"><form id=\"wpforms-form-188\" class=\"wpforms-validate wpforms-form wpforms-ajax-form\" data-formid=\"188\" method=\"post\" enctype=\"multipart\/form-data\" action=\"\/index.php?rest_route=%2Fwp%2Fv2%2Fpages%2F182\" data-token=\"bfc363bae483e76336e1429d27834932\" data-token-time=\"1777748751\"><noscript class=\"wpforms-error-noscript\">Veuillez activer JavaScript dans votre navigateur pour remplir ce formulaire.<\/noscript><div id=\"wpforms-error-noscript\" style=\"display: none;\">Veuillez activer JavaScript dans votre navigateur pour remplir ce formulaire.<\/div><div class=\"wpforms-field-container\"><div id=\"wpforms-188-field_1-container\" class=\"wpforms-field wpforms-field-text\" data-field-id=\"1\"><label class=\"wpforms-field-label\" for=\"wpforms-188-field_1\">\u0627\u0644\u0625\u0633\u0645 <span class=\"wpforms-required-label\" aria-hidden=\"true\">*<\/span><\/label><input type=\"text\" id=\"wpforms-188-field_1\" class=\"wpforms-field-medium wpforms-field-required\" name=\"wpforms[fields][1]\" aria-errormessage=\"wpforms-188-field_1-error\" required><\/div><div id=\"wpforms-188-field_2-container\" class=\"wpforms-field wpforms-field-text\" data-field-id=\"2\"><label class=\"wpforms-field-label\" for=\"wpforms-188-field_2\">\u0627\u0644\u0645\u062f\u064a\u0646\u0629 <span class=\"wpforms-required-label\" aria-hidden=\"true\">*<\/span><\/label><input type=\"text\" id=\"wpforms-188-field_2\" class=\"wpforms-field-medium wpforms-field-required\" name=\"wpforms[fields][2]\" aria-errormessage=\"wpforms-188-field_2-error\" required><\/div><div id=\"wpforms-188-field_3-container\" class=\"wpforms-field wpforms-field-text\" data-field-id=\"3\"><label class=\"wpforms-field-label\" for=\"wpforms-188-field_3\">\u0631\u0642\u0645 \u0627\u0644\u0647\u0627\u062a\u0641 (whatsapp) <span class=\"wpforms-required-label\" aria-hidden=\"true\">*<\/span><\/label><input type=\"text\" id=\"wpforms-188-field_3\" class=\"wpforms-field-medium wpforms-field-required\" name=\"wpforms[fields][3]\" aria-errormessage=\"wpforms-188-field_3-error\" required><\/div><div id=\"wpforms-188-field_4-container\" class=\"wpforms-field wpforms-field-select wpforms-field-select-style-classic\" data-field-id=\"4\"><label class=\"wpforms-field-label\" for=\"wpforms-188-field_4\">\u0623\u0631\u064a\u062f \u0627\u0644\u0639\u0645\u0644 \u0643 <span class=\"wpforms-required-label\" aria-hidden=\"true\">*<\/span><\/label><select id=\"wpforms-188-field_4\" class=\"wpforms-field-medium wpforms-field-required\" name=\"wpforms[fields][4]\" required=\"required\"><option value=\"Chercheur de produits e-commerce \/ Cr\u00e9ateur de contenu\" >Chercheur de produits e-commerce \/ Cr\u00e9ateur de contenu<\/option><option value=\"\u00c9diteur Vid\u00e9o T\u00e9l\u00e9travail\" >\u00c9diteur Vid\u00e9o T\u00e9l\u00e9travail<\/option><\/select><\/div><div id=\"wpforms-188-field_6-container\" class=\"wpforms-field wpforms-field-text\" data-field-id=\"6\"><label class=\"wpforms-field-label\" for=\"wpforms-188-field_6\">\u0631\u0627\u0628\u0637 \u0623\u0639\u0645\u0627\u0644\u0643  <span class=\"wpforms-required-label\" aria-hidden=\"true\">*<\/span><\/label><input type=\"text\" id=\"wpforms-188-field_6\" class=\"wpforms-field-medium wpforms-field-required\" name=\"wpforms[fields][6]\" aria-errormessage=\"wpforms-188-field_6-error\" aria-describedby=\"wpforms-188-field_6-description\" required><div id=\"wpforms-188-field_6-description\" class=\"wpforms-field-description\">Google drive, Dropbox,Behance<\/div><\/div><div id=\"wpforms-188-field_5-container\" class=\"wpforms-field wpforms-field-textarea\" data-field-id=\"5\"><label class=\"wpforms-field-label\" for=\"wpforms-188-field_5\">\u0642\u0644 \u0644\u0646\u0627 \u0644\u0645\u0627\u0630\u0627 \u064a\u062c\u0628 \u0625\u062e\u062a\u064a\u0627\u0631\u0643 <span class=\"wpforms-required-label\" aria-hidden=\"true\">*<\/span><\/label><textarea id=\"wpforms-188-field_5\" class=\"wpforms-field-medium wpforms-field-required\" name=\"wpforms[fields][5]\" aria-errormessage=\"wpforms-188-field_5-error\" required><\/textarea><\/div><\/div><!-- .wpforms-field-container --><div class=\"wpforms-submit-container\" ><input type=\"hidden\" name=\"wpforms[id]\" value=\"188\"><input type=\"hidden\" name=\"page_title\" value=\"\"><input type=\"hidden\" name=\"page_url\" value=\"https:\/\/digitalify.ma\/index.php?rest_route=\/wp\/v2\/pages\/182\"><input type=\"hidden\" name=\"url_referer\" value=\"\"><button type=\"submit\" name=\"wpforms[submit]\" id=\"wpforms-submit-188\" class=\"wpforms-submit\" data-alt-text=\"Envoi...\" data-submit-text=\"Envoyer\" aria-live=\"assertive\" value=\"wpforms-submit\">Envoyer<\/button><img decoding=\"async\" src=\"https:\/\/digitalify.ma\/wp-content\/plugins\/wpforms-lite\/assets\/images\/submit-spin.svg\" class=\"wpforms-submit-spinner\" style=\"display: none;\" width=\"26\" height=\"26\" alt=\"Chargement en cours\"><\/div><\/form><\/div>  <!-- .wpforms-container -->\n\n\t\t<\/div>\n\t\t\t\t\t<\/div>\n\n\t\n<\/div>\n","protected":false},"excerpt":{"rendered":"<p>Chercheur de produits e-commerce \/ Cr\u00e9ateur de contenu Nous recherchons un chercheur de produits e-commerce et un cr\u00e9ateur de contenu talentueux pour rejoindre notre \u00e9quipe. Le candidat retenu sera responsable de la recherche de produits e-commerce rentables sur les platforme de , ainsi que de la cr\u00e9ation de contenu attrayant pour promouvoir nos produits. Date [&#8230;]\n","protected":false},"author":1,"featured_media":0,"parent":0,"menu_order":0,"comment_status":"closed","ping_status":"closed","template":"","meta":{"footnotes":""},"class_list":["post-182","page","type-page","status-publish","hentry"],"_links":{"self":[{"href":"https:\/\/digitalify.ma\/index.php?rest_route=\/wp\/v2\/pages\/182","targetHints":{"allow":["GET"]}}],"collection":[{"href":"https:\/\/digitalify.ma\/index.php?rest_route=\/wp\/v2\/pages"}],"about":[{"href":"https:\/\/digitalify.ma\/index.php?rest_route=\/wp\/v2\/types\/page"}],"author":[{"embeddable":true,"href":"https:\/\/digitalify.ma\/index.php?rest_route=\/wp\/v2\/users\/1"}],"replies":[{"embeddable":true,"href":"https:\/\/digitalify.ma\/index.php?rest_route=%2Fwp%2Fv2%2Fcomments&post=182"}],"version-history":[{"count":5,"href":"https:\/\/digitalify.ma\/index.php?rest_route=\/wp\/v2\/pages\/182\/revisions"}],"predecessor-version":[{"id":198,"href":"https:\/\/digitalify.ma\/index.php?rest_route=\/wp\/v2\/pages\/182\/revisions\/198"}],"wp:attachment":[{"href":"https:\/\/digitalify.ma\/index.php?rest_route=%2Fwp%2Fv2%2Fmedia&parent=182"}],"curies":[{"name":"wp","href":"https:\/\/api.w.org\/{rel}","templated":true}]}}