{"id":171,"date":"2024-03-09T12:01:24","date_gmt":"2024-03-09T12:01:24","guid":{"rendered":"https:\/\/digitalify.ma\/?page_id=171"},"modified":"2024-03-09T12:20:07","modified_gmt":"2024-03-09T12:20:07","slug":"%d8%b9%d8%b1%d9%88%d8%b6-%d8%b9%d9%85%d9%84","status":"publish","type":"page","link":"https:\/\/digitalify.ma\/?page_id=171","title":{"rendered":"\u0639\u0631\u0648\u0636 \u0639\u0645\u0644"},"content":{"rendered":"<div class=\"container section-title-container\" ><h1 class=\"section-title section-title-normal\"><b><\/b><span class=\"section-title-main\" >\u0639\u0631\u0648\u0636 \u0639\u0645\u0644<\/span><b><\/b><\/h1><\/div>\n<div class=\"row\"  id=\"row-1368805083\">\n\n\t<div id=\"col-1510881728\" class=\"col medium-6 small-12 large-6\"  >\n\t\t\t\t<div class=\"col-inner\"  >\n\t\t\t\n\t\t\t\n\t<div class=\"box has-hover   has-hover box-text-bottom\" >\n\n\t\t<div class=\"box-image\" >\n\t\t\t<a href=\"https:\/\/digitalify.ma\/?page_id=179\" >\t\t\t<div class=\"\" >\n\t\t\t\t<img fetchpriority=\"high\" decoding=\"async\" width=\"2401\" height=\"1261\" src=\"https:\/\/digitalify.ma\/wp-content\/uploads\/2024\/03\/video-editor.jpeg\" class=\"attachment- size-\" alt=\"\" srcset=\"https:\/\/digitalify.ma\/wp-content\/uploads\/2024\/03\/video-editor.jpeg 2401w, https:\/\/digitalify.ma\/wp-content\/uploads\/2024\/03\/video-editor-300x158.jpeg 300w, https:\/\/digitalify.ma\/wp-content\/uploads\/2024\/03\/video-editor-1024x538.jpeg 1024w, https:\/\/digitalify.ma\/wp-content\/uploads\/2024\/03\/video-editor-768x403.jpeg 768w, https:\/\/digitalify.ma\/wp-content\/uploads\/2024\/03\/video-editor-1536x807.jpeg 1536w, https:\/\/digitalify.ma\/wp-content\/uploads\/2024\/03\/video-editor-2048x1076.jpeg 2048w\" sizes=\"(max-width: 2401px) 100vw, 2401px\" \/>\t\t\t\t\t\t\t\t\t\t\t<\/div>\n\t\t\t<\/a>\t\t<\/div>\n\n\t\t<div class=\"box-text text-center\" >\n\t\t\t<div class=\"box-text-inner\">\n\t\t\t\t\n<h4>\u00c9diteur Vid\u00e9o T\u00e9l\u00e9travail <\/h4>\n<p>Rejoignez notre \u00e9quipe en tant qu&rsquo;\u00e9diteur vid\u00e9o talentueux, dynamique et cr\u00e9atif  et participer \u00e0 la cr\u00e9ation de contenu vid\u00e9o percutant pour nos campagnes publicitaires sur les r\u00e9seaux sociaux.<\/p>\n<a href=\"https:\/\/digitalify.ma\/?page_id=179\" class=\"button primary\"  >\n    <span>\u0645\u0639\u0631\u0641\u0629 \u0627\u0644\u0645\u0632\u064a\u062f<\/span>\n  <\/a>\n\n\t\t\t<\/div>\n\t\t<\/div>\n\t<\/div>\n\t\n\t\t<\/div>\n\t\t\t\t\t<\/div>\n\n\t\n\n\t<div id=\"col-1820413921\" class=\"col medium-6 small-12 large-6\"  >\n\t\t\t\t<div class=\"col-inner\"  >\n\t\t\t\n\t\t\t\n\t<div class=\"box has-hover   has-hover box-text-bottom\" >\n\n\t\t<div class=\"box-image\" style=\"width:93%;\">\n\t\t\t<a href=\"https:\/\/digitalify.ma\/?page_id=182\" >\t\t\t<div class=\"\" >\n\t\t\t\t<img decoding=\"async\" width=\"1024\" height=\"576\" src=\"https:\/\/digitalify.ma\/wp-content\/uploads\/2024\/03\/product-research.jpeg\" class=\"attachment- size-\" alt=\"\" srcset=\"https:\/\/digitalify.ma\/wp-content\/uploads\/2024\/03\/product-research.jpeg 1024w, https:\/\/digitalify.ma\/wp-content\/uploads\/2024\/03\/product-research-300x169.jpeg 300w, https:\/\/digitalify.ma\/wp-content\/uploads\/2024\/03\/product-research-768x432.jpeg 768w\" sizes=\"(max-width: 1024px) 100vw, 1024px\" \/>\t\t\t\t\t\t\t\t\t\t\t<\/div>\n\t\t\t<\/a>\t\t<\/div>\n\n\t\t<div class=\"box-text text-center\" >\n\t\t\t<div class=\"box-text-inner\">\n\t\t\t\t\n<h4>Chercheur de produits e-commerce \/ Cr\u00e9ateur de contenu<\/h4>\n<p>Nous recherchons un chercheur de produits e-commerce et un cr\u00e9ateur de contenu talentueux pour rejoindre notre \u00e9quipe.<\/p>\n<a href=\"https:\/\/digitalify.ma\/?page_id=182\" class=\"button primary\"  >\n    <span>\u0645\u0639\u0631\u0641\u0629 \u0627\u0644\u0645\u0632\u064a\u062f<\/span>\n  <\/a>\n\n\t\t\t<\/div>\n\t\t<\/div>\n\t<\/div>\n\t\n\t\t<\/div>\n\t\t\t\t\t<\/div>\n\n\t\n<\/div>\n","protected":false},"excerpt":{"rendered":"","protected":false},"author":1,"featured_media":0,"parent":0,"menu_order":0,"comment_status":"closed","ping_status":"closed","template":"","meta":{"footnotes":""},"class_list":["post-171","page","type-page","status-publish","hentry"],"_links":{"self":[{"href":"https:\/\/digitalify.ma\/index.php?rest_route=\/wp\/v2\/pages\/171","targetHints":{"allow":["GET"]}}],"collection":[{"href":"https:\/\/digitalify.ma\/index.php?rest_route=\/wp\/v2\/pages"}],"about":[{"href":"https:\/\/digitalify.ma\/index.php?rest_route=\/wp\/v2\/types\/page"}],"author":[{"embeddable":true,"href":"https:\/\/digitalify.ma\/index.php?rest_route=\/wp\/v2\/users\/1"}],"replies":[{"embeddable":true,"href":"https:\/\/digitalify.ma\/index.php?rest_route=%2Fwp%2Fv2%2Fcomments&post=171"}],"version-history":[{"count":5,"href":"https:\/\/digitalify.ma\/index.php?rest_route=\/wp\/v2\/pages\/171\/revisions"}],"predecessor-version":[{"id":185,"href":"https:\/\/digitalify.ma\/index.php?rest_route=\/wp\/v2\/pages\/171\/revisions\/185"}],"wp:attachment":[{"href":"https:\/\/digitalify.ma\/index.php?rest_route=%2Fwp%2Fv2%2Fmedia&parent=171"}],"curies":[{"name":"wp","href":"https:\/\/api.w.org\/{rel}","templated":true}]}}